he prime factors of 177683263?
67, 2651989
What are the prime factors of 606188941?
17, 503, 70891
List the prime factors of 680484556.
2, 503, 338213
What are the prime factors of 1100695117?
13729, 80173
What are the prime factors of 475937028?
2, 3, 7, 197, 9587
List the prime factors of 11403264.
2, 3, 29
List the prime factors of 857452180.
2, 5, 13, 1303, 2531
What are the prime factors of 387909307?
29, 199, 67217
What are the prime factors of 234473028?
2, 3, 19539419
What are the prime factors of 11990423?
17, 379, 1861
List the prime factors of 35532427.
7, 389, 13049
What are the prime factors of 175842958?
2, 23, 97, 39409
What are the prime factors of 36360444?
2, 3, 3030037
What are the prime factors of 6479433316?
2, 23, 599, 117577
List the prime factors of 10159860.
2, 3, 5, 29, 5839
List the prime factors of 72712054.
2, 43, 845489
What are the prime factors of 335712930?
2, 3, 5, 7, 1598633
What are the prime factors of 764839431?
3, 84982159
List the prime factors of 139147818.
2, 3, 23191303
List the prime factors of 4272222197.
4272222197
List the prime factors of 189363848.
2, 277, 85453
What are the prime factors of 303675065?
5, 59, 1029407
What are the prime factors of 439484495?
5, 1523, 57713
What are the prime factors of 199305495?
3, 5, 37, 39901
What are the prime factors of 91506597?
3, 7, 13, 17, 19717
What are the prime factors of 7636801?
1307, 5843
What are the prime factors of 405869324?
2, 7, 1321, 10973
What are the prime factors of 2335611445?
5, 131, 3565819
What are the prime factors of 95463117?
3, 1178557
What are the prime factors of 5727523874?
2, 61, 46946917
List the prime factors of 299600507.
23, 37, 352057
List the prime factors of 79719848.
2, 13, 31, 79, 313
List the prime factors of 868450264.
2, 11, 59, 167267
What are the prime factors of 45423609?
3, 7, 11, 17, 43, 269
List the prime factors of 403779083.
1439, 280597
List the prime factors of 233943777.
3, 25993753
What are the prime factors of 5330382348?
2, 3, 3271, 135799
List the prime factors of 1696769455.
5, 23, 14754517
What are the prime factors of 1305445174?
2, 11, 37, 199, 8059
List the prime factors of 789578679.
3, 29, 9075617
List the prime factors of 764926238.
2, 5531, 69149
List the prime factors of 178279119.
3, 17, 1165223
List the prime factors of 6082175188.
2, 541, 2810617
List the prime factors of 71230892.
2, 71, 250813
List the prime factors of 307503976.
2, 13, 2956769
List the prime factors of 1372254397.
1423, 964339
List the prime factors of 3056747696.
2, 17, 563, 19961
What are the prime factors of 2083673758?
2, 1041836879
What are the prime factors of 25252448?
2, 13, 60703
List the prime factors of 127545816.
2, 3, 79, 67271
List the prime factors of 344838716.
2, 59, 1461181
List the prime factors of 4925935210.
2, 5, 7, 10052929
What are the prime factors of 69093332?
2, 7, 11, 73, 439
What are the prime factors of 2014979017?
2014979017
What are the prime factors of 1450798745?
5, 11, 26378159
List the prime factors of 2404503960.
2, 3, 5, 19, 1054607
What are the prime factors of 24358684?
2, 7, 19, 31, 211
List the prime factors of 347398861.
4973, 69857
List the prime factors of 920652536.
2, 115081567
List the prime factors of 172004736.
2, 3, 127, 3527
What are the prime factors of 41189283?
3, 17, 19, 4723
What are the prime factors of 27871843?
27871843
List the prime factors of 407637824.
2, 11, 173, 3347
What are the prime factors of 247919710?
2, 5, 31, 799741
List the prime factors of 116234483.
116234483
What are the prime factors of 1701343038?
2, 3, 71, 307, 13009
List the prime factors of 12244910.
2, 5, 47, 26053
What are the prime factors of 1116279760?
2, 5, 1259, 11083
What are the prime factors of 701062116?
2, 3, 17, 41, 79, 1061
What are the prime factors of 1122406479?
3, 4297, 29023
List the prime factors of 1210138719.
3, 403379573
What are the prime factors of 6301710793?
7, 137, 6571127
What are the prime factors of 512786715?
3, 5, 7, 99667
List the prime factors of 477955496.
2, 29, 61, 33773
What are the prime factors of 57209502?
2, 3, 7, 1362131
List the prime factors of 76880501.
7159, 10739
List the prime factors of 62672427.
3, 269, 8629
List the prime factors of 3748207361.
97, 38641313
List the prime factors of 66829073.
6701, 9973
What are the prime factors of 134722032?
2, 3, 31, 37, 2447
What are the prime factors of 6967049574?
2, 3, 59, 103, 109, 1753
List the prime factors of 1274426508.
2, 3, 661, 160669
What are the prime factors of 52036443?
3, 5781827
List the prime factors of 161321305.
5, 19, 1698119
List the prime factors of 789235081.
17, 1049, 44257
List the prime factors of 7746248.
2, 29, 173, 193
What are the prime factors of 39592557?
3, 488797
What are the prime factors of 14250430?
2, 5, 113, 12611
What are the prime factors of 26881871?
23, 293, 3989
What are the prime factors of 541751694?
2, 3, 11, 8208359
List the prime factors of 85534877.
47, 1819891
List the prime factors of 68527759.
68527759
What are the prime factors of 2552054998?
2, 1276027499
List the prime factors of 301812096.
2, 3, 137, 5737
List the prime factors of 3480141260.
2, 5, 193, 901591
List the prime factors of 177564984.
2, 3, 59, 125399
List the prime factors of 4623395.
5, 7, 113, 167
List the prime factors of 3097839.
3, 1032613
List the prime factors of 81923006.
2, 11, 3723773
List the prime factors of 9460952049.
3, 3153650683
What are the prime factors of 714058930?
2, 5, 13, 37, 53, 2801
What are the prime factors of 75187980?
2, 3, 5, 7, 19891
What are the prime factors of 919830212?
2, 7, 37, 887867
What are the prime factors of 1068808931?
751, 1423181
What are the prime factors of 72910750?
2, 5, 11, 26513
What are the prime factors of 980009452?
2, 1657, 147859
List the prime factors of 3682826717.
3682826717
What are the prime factors of 112012488?
2, 3, 7, 222247
List the prime factors of 85296486.
2, 3, 11, 1292371
List the prime factors of 162746606.
2, 11, 683, 10831
List the prime factors of 139211451.
3, 15467939
What are the prime factors of 6033551741?
7, 307, 401087
What are the prime factors of 69537099?
3, 29, 73, 10949
What are the prime factors of 1562909442?
2, 3, 659, 395273
What are the prime factors of 25634717?
41, 625237
List the prime factors of 219422641.
2003, 109547
List the prime factors of 118772692.
2, 29693173
What are the prime factors of 55975954?
2, 67, 417731
What are the prime factors of 94166167?
151, 623617
What are the prime factors of 411492234?
2, 3, 19, 3609581
List the prime factors of 167064294.
2, 3, 27844049
List the prime factors of 293277783.
3, 29, 71, 79, 601
List the prime factors of 11372616.
2, 3, 37, 1423
What are the prime factors of 38869200?
2, 3, 5, 59, 61
List the prime factors of 16911402.
2, 3, 307, 9181
List the prime factors of 75644559.
3, 8404951
List the prime factors of 163310184.
2, 3, 2268197
What are the prime factors of 399108104?
2, 41, 1216793
What are the prime factors of 44508711?
3, 13, 53, 61, 353
What are the prime factors of 79281604?
2, 19, 59, 17681
List the prime factors of 928401759.
3, 79, 157, 8317
List the prime factors of 32654000.
2, 5, 29, 563
What are the prime factors of 3774241758?
2, 3, 7, 37, 346961
List the prime factors of 54698570.
2, 5, 31, 101, 1747
List the prime factors of 389592888.
2, 3, 193, 241, 349
What are the prime factors of 141358671?
3, 907, 17317
List the prime factors of 272449848.
2, 3, 11, 1032007
What are the prime factors of 1112019280?
2, 5, 2129, 6529
What are the prime factors of 4681302613?
13, 360100201
What are the prime factors of 410069215?
5, 53, 1547431
List the prime factors of 2603147058.
2, 3, 16068809
List the prime factors of 127945009.
17, 67, 112331
What are the prime factors of 931399059?
3, 6203, 50051
List the prime factors of 5727482323.
5727482323
What are the prime factors of 315786087?
3, 11695781
List the prime factors of 49811209.
7, 7115887
List the prime factors of 4513063966.
2, 643, 3509381
What are the prime factors of 509406998?
2, 254703499
What are the prime factors of 99198154?
2, 11, 29, 89, 1747
What are the prime factors of 320150233?
13, 37, 17989
What are the prime factors of 645727269?
3, 11, 17